Let a = s + 336. What are the prime factors of a?
3, 47
Let m(y) = 55*y**3 - 1. Let u be m(-1). Let c = u + 242. What are the prime factors of c?
2, 3, 31
Let y(s) = -2*s**2 - 6*s + 4161. List the prime factors of y(0).
3, 19, 73
Suppose 151 = -3*s - 119. Suppose -1375*p + 1370*p = -755. Let k = p + s. What are the prime factors of k?
61
Suppose 13*j - 16*j = -15. Suppose -j*p - 151 = -1421. What are the prime factors of p?
2, 127
What are the prime factors of (2500/(-12))/((-12)/864)?
2, 3, 5
Suppose 5*q - 555 = -d - 3, -5*q - 1164 = -2*d. Suppose -d = -9*m + 40. Suppose -2*r = -3*w + 174, 4*w - 2*r = 166 + m. List the prime factors of w.
2, 3, 5
Suppose -b + 60200 = 4*u, 4*u - b - 47192 = 13016. What are the prime factors of u?
3, 29, 173
Let m be ((-3 - -2)*-3)/((-6)/(-1900)). Suppose -3*t + 570 = 3*a, -3*t - m = -4*a - a. Suppose -a*i = -193*i + 426. What are the prime factors of i?
2, 71
Suppose -5*p + 2*n + 296 = 5*n, -5*n = 15. Suppose -60 = -4*o - 4*c, 0*o - 4*o + p = 3*c. Suppose 21*t - 845 = o*t. List the prime factors of t.
13
Let i(d) be the second derivative of 32*d**3/3 + 3*d**2 - 50*d - 1. List the prime factors of i(3).
2, 3, 11
List the prime factors of 7/((-10)/101960*-28).
2549
Let o(d) = -d**3 - 19*d**2 + d + 24. Suppose -7*z = 122 + 11. Let w be o(z). Suppose -4*i + w*p + 480 = -57, -705 = -5*i - 5*p. What are the prime factors of i?
2, 3, 23
Suppose 3*g = d - 15, 9 = -2*g - 2*d + 3*d. What are the prime factors of g/(-27) + (-2224)/(-36)?
2, 31
Let o(c) = 922*c + c**2 - 100 + 41 - 915*c. List the prime factors of o(-19).
13
Let c = -14602 - -39231. What are the prime factors of c?
11, 2239
Let o be 5 - (0 + -5 - -5). Suppose 2*q + l = 4*q - 450, o*l + 682 = 3*q. List the prime factors of q.
2, 7
Let h(c) be the third derivative of 3*c**4/2 + 2*c**3/3 + 3*c**2 + 326. Let b(a) = a**2 + 2*a + 1. Let w be b(-2). What are the prime factors of h(w)?
2, 5
Let f be 6 + -6 + -2 - -265. Suppose 29 = -9*p + f. List the prime factors of p.
2, 13
What are the prime factors of (-213 + -41)*((-707)/70 + (-6)/(-10))?
19, 127
Let y = -254 + 284. Suppose 4*c = -4*t + 988, y*t - 28*t + 4*c = 500. What are the prime factors of t?
2, 61
Let a(s) = 10*s + 60. Suppose -8*w + 4*w = 44. Let t be a(w). What are the prime factors of (58/(-5) - -2)/(4/t)?
2, 3, 5
Suppose 5*a = -25, -3*i = -i - 2*a + 16. Let o(z) = -z**3 - 11*z**2 + 9*z + 20. List the prime factors of o(i).
241
Suppose -4*b + 320320 = -2*y, 43*y = 4*b + 38*y - 320332. What are the prime factors of b?
2, 40039
Let v(h) = -h**3 - 12*h**2 + 3*h - 4. Let u(a) = -a**3 + 39*a**2 - 35*a - 128. Let c be u(38). List the prime factors of v(c).
2, 173
Let c = 352 - 165. Suppose -3*v + 5*v - 193 = 3*w, -c = -2*v - 3*w. Let f = v + 12. What are the prime factors of f?
107
Suppose 51066 = 8*n + 15642. Suppose -5*x = 5*q - 5535, -4*x = -4*q + x + n. List the prime factors of q.
3, 41
Let q = 46100 + -31444. What are the prime factors of q?
2, 229
Suppose -4641 = -y - 6*y. Let h = 1119 - y. Suppose -5*l - 267 = 4*b - 995, 3*l - 4*b = h. What are the prime factors of l?
2, 37
Let h = -32 + 14. Let c = 290 + h. What are the prime factors of c?
2, 17
Let v(x) = -3*x**2 - 7*x + 1. Let t be v(0). Let j(r) = r**3 + 4*r**2 - 3*r - 1. Let q be j(-4). List the prime factors of (q - -27)*(0 + t).
2, 19
Suppose -2*x = -5*k - 1100, -k + 1095 = -6*k + x. Let a = k - -1308. Suppose 18*z - 8*z = a. What are the prime factors of z?
109
Suppose 0 = 7*x - 2*a - 1823, 5*x - 3*a - 1075 = 224. List the prime factors of x.
3, 29
Suppose -10*k + 50 + 150 = 0. Suppose -17*w = -22*w + k. Suppose -w*p = -s + 97, s + 5*p = 3*s - 209. What are the prime factors of s?
3, 13
Let i(d) = -d**3 + 2*d - 4. Let q be i(-2). Suppose -20*z + 26*z - 3342 = q. What are the prime factors of z?
557
Let f = 73529 - -10583. What are the prime factors of f?
2, 7, 751
Let j(t) = 2*t**3 - 10*t**2 - 27*t + 89. Let v be j(10). Suppose v = -14*z + 17*z. List the prime factors of z.
3, 7, 13
Let t(a) = -2*a**3 + 17*a**2 + 14*a - 20. Let p be t(11). Let f = p - -825. What are the prime factors of f?
2, 3, 59
Suppose 0*k - 105 = h + 4*k, -2*h - 4*k = 230. Let r = h - -458. List the prime factors of r.
3, 37
Suppose 295 = -11*z - 860. Let f = z - -99. List the prime factors of 1382/7 - f/(-14).
197
Suppose -113726 = -23*r + 135663. What are the prime factors of r?
7, 1549
Suppose -14*v + 33 = -3*v. Suppose 5*k + 3*r - 97 = 6*r, 55 = v*k - r. List the prime factors of k.
17
Let s(k) = 97*k**3 + 3*k + 12 - 3*k - 3*k**2 - k - 11. Let v be s(-1). Let h = 216 + v. List the prime factors of h.
2, 59
List the prime factors of 45/(-3) - (-354752)/32.
11071
What are the prime factors of 5 - (395/30 - 8) - (-138693)/18?
5, 23, 67
Let p be 0 + 1 + -3*(-80)/(-30). What are the prime factors of p/((-7)/(-4)) + 369?
5, 73
Suppose 0 = -5*d - 25, -5*r - d + 22900 = -4*d. List the prime factors of r.
23, 199
Let l be (-52)/(-14) - 9/((-63)/2). Let g = -76 + 174. Suppose 2*k - 4*p - 62 = 0, l*k - p - 47 = g. List the prime factors of k.
37
Let r = -109 - -181. Suppose 15*c - r = 13*c. Suppose x = c + 40. List the prime factors of x.
2, 19
Let u(b) = -398*b - 17. Let k be u(-1). Suppose -4*t + 1272 = 2*n, -2*n + 1719 - 465 = -5*t. Let z = n - k. What are the prime factors of z?
251
Suppose w + 207 = 2*u - 3*u, 5*u = -3*w - 1035. Let f = u - -485. List the prime factors of f.
2, 139
Let n(q) = 2051*q - 2185. List the prime factors of n(33).
2, 32749
Let m = 16506 - 10112. What are the prime factors of m?
2, 23, 139
Let o(s) = 2*s**2 + 110*s + 386. List the prime factors of o(-86).
2, 3, 953
Suppose -6*u + 2*u - 57 = -3*l, -8 = u - 2*l. What are the prime factors of 42/(-8)*2*48/u?
2, 7
Suppose -231192 = 16*k - 20*k - 35*k. What are the prime factors of k?
2, 3, 13, 19
What are the prime factors of (-27 + -18)*(38402/6)/(-7)?
3, 5, 13, 211
Suppose 0 = -d - 29. Let a be (-4)/7 + (-50868)/(-270)*(-5)/(-7). Let k = d + a. What are the prime factors of k?
3, 5, 7
Suppose -3*n - n - 12 = -r, 5*r = -n - 24. Let w(m) = 9*m**2 + 15*m. Let z be w(n). Let u = 37 + z. List the prime factors of u.
11
Suppose -8*q + 21*q = -481. Let u(d) = d**3 + 39*d**2 + 56*d - 16. List the prime factors of u(q).
2, 5, 13
Suppose 2*y + 13 = 41. Let v(h) = -4*h - 3. Let t(w) = 5*w + 3. Let a(x) = -3*t(x) - 4*v(x). List the prime factors of a(y).
17
Suppose 2486 = 4*b - 3*z + 547, 5*z + 5 = 0. Let j = b - 345. What are the prime factors of j?
139
Let k be 1/2*(-3 - -13). Suppose -11*z + 656 = -8*z + 5*a, -4*z - k*a = -878. What are the prime factors of z?
2, 3, 37
What are the prime factors of -5 - (13280/24)/(-2)*57?
3, 5, 1051
Let p = -20256 + 34298. What are the prime factors of p?
2, 7, 17, 59
Let o(n) = 2*n**2 + 16*n - 13. Let q be o(-9). Suppose -q = 3*u + 1. List the prime factors of 2/(8/(-90))*u.
3, 5
Let a(o) = -6753*o + 2514. What are the prime factors of a(-4)?
2, 3, 7, 19, 37
Let s(k) = -96*k + 539. List the prime factors of s(-9).
23, 61
Let q(c) = -c**2 + 31. Let o be q(6). Let n be -7 - -5 - (-29 + 0). Let h = n + o. What are the prime factors of h?
2, 11
Suppose 2*h = -5*i + 12, -5*h + i = 2*i - 76. Suppose 0 = -h*s + 12*s + 4216. List the prime factors of s.
2, 17, 31
Let b(a) be the third derivative of a**6/120 - 2*a**5/5 - 85*a**4/24 - 61*a**3/6 - 113*a**2. List the prime factors of b(28).
5, 139
Suppose -124 = -7*v - 26. Suppose 17*c - v*c = 1707. List the prime factors of c.
569
Suppose -i + 28078 = 152*f - 149*f, -2 = i. What are the prime factors of f?
2, 3, 5, 13
Let x(j) = -3*j - 11. Let b(q) = q - 1. Let o(v) = -2*b(v) - x(v). Let n be o(12). Let z = 45 - n. What are the prime factors of z?
2, 5
Suppose -11*t + 53666 = -85924. List the prime factors of (-4)/7 + t/35.
2, 181
Suppose 41*h + 4 = 43*h. Suppose -3*x - 5*c + 40 = h*x, 0 = 5*c + 10. List the prime factors of ((-2)/x*-2)/(2/10).
2
Let a = 288 - 281. Let k(d) = d - 39. Let f(u) = -u + 20. Let g(r) = -5*f(r) - 3*k(r). What are the prime factors of g(a)?
31
Suppose 9*p - 223 + 124 = 0. Let k(b) = b**3 - 6*b**2 - 13*b + 13. What are the prime factors of k(p)?
5, 19
Let d be -1*(2 + (-1104)/3). Suppose -k - w = -4, 8 = 4*k - 91*w + 93*w. Suppose 0 = 3*z - 4*q - d, -2*z + k*z - 2*q + 258 = 0. What are the prime factor